ue
Suppose 5*x - 116 = -i - 0*x, 123 = i - 2*x. Is i a prime number?
False
Is ((-32)/2)/4 + 203 a prime number?
True
Let h(q) = -q**2 - 7. Let d be h(7). Is (34/4)/((-4)/d) composite?
True
Suppose -9*y + 5*y + 8 = 0. Let i = y + 11. Is i composite?
False
Suppose 376 = 4*q - 2*p, q + 192 = 3*q + p. Is q a composite number?
True
Let y = 8 + -4. Suppose 0 = -4*w + y*d + 256, -3*w + d = -6*w + 172. Is w composite?
False
Let b(x) = 2 + x**2 + 0*x**2 - 116*x + 120*x. Suppose -v = 4*v + 20. Is b(v) composite?
False
Let g(t) = t**3 + t**2 - t - 3. Let h be g(0). Let n(f) = 19*f**2 - 5*f - 3. Is n(h) a prime number?
False
Suppose -4*v - 2*y + y = -2761, -5*v - 4*y = -3443. Is v a prime number?
True
Suppose 5*j - 12 = 8. Let a be (-18)/(-4) - (-2)/j. Suppose 2*x - 29 = -a*o + 21, 5*o = -5*x + 155. Is x a composite number?
True
Let p(y) = -y**3 + 7*y**2 - 7*y + 9. Let n be p(6). Suppose n*z = -0*z + 114. Is z composite?
True
Is (873/12)/(3/12) a prime number?
False
Let t = 74 + -40. Is t a prime number?
False
Suppose -5*j + 33 + 7 = 0. Suppose 5*z = j*z - 381. Is z a prime number?
True
Suppose -4*s + 2*s + 58 = 0. Suppose 7 = 4*j - 17. Suppose -j = -5*y + s. Is y a prime number?
True
Suppose 4*g - 2*k = -8 + 34, -2*g = k - 11. Let b(m) = -9*m - 15. Let x(r) = 5*r + 7. Let d(w) = 2*b(w) + 5*x(w). Is d(g) prime?
True
Let i be (0 + 0)*(-5)/10. Suppose l - 159 - 134 = i. Is l a prime number?
True
Suppose r + 4*n = 5*r - 16, -2*r = -3*n - 12. Let m(l) = -l**2 + 2*l + 2*l + r*l**3 + l**3 + 3. Is m(4) prime?
True
Let g(r) = 23*r + 7. Suppose -a = 4*a + 10. Let i(y) = -2*y**3 - 4*y**2 - 3*y. Let t be i(a). Is g(t) a composite number?
True
Let u(k) = 2*k**3 + 5*k**2 + 3*k. Let p be u(-3). Let h = p + 31. Is h a prime number?
True
Suppose -a = -4*v - 1069, 0 = -3*a - v + 3448 - 241. Is a composite?
False
Let u = 343 + -14. Is u prime?
False
Suppose 4*i + 505 = -35. Let g = i - -194. Suppose 0*j - j = -g. Is j composite?
False
Suppose -2*s = -6, 2*p - 4*s = -p + 3. Suppose 3*g - 52 = 2*g + 5*h, -4*h - 365 = -p*g. Is g a composite number?
True
Let r(y) = y**3 - y**2 + 3*y + 2053. Is r(0) composite?
False
Suppose -k = -c - 118, 563 = 5*k + 2*c + 2*c. Is k composite?
True
Suppose w + 96 = 314. Suppose -4*t + w = -2*y - 242, 3*y = -t + 101. Is t composite?
False
Suppose 0 = -3*r - 0*q - q + 273, 2*q = -r + 91. Is r a composite number?
True
Suppose 2*w - 58 = w. Suppose 4*l - 139 = -5*o, 0 = -2*o - l - 0*l + w. Is o a composite number?
False
Suppose -2*y - 4*f - 9 = f, 3*y - 12 = f. Suppose -2*d + y*v - 7*v + 70 = 0, d - 2*v - 27 = 0. Is d prime?
True
Suppose 2*f = h - 3*h, 5*f - 5*h = 40. Let w be (f/(-6))/((-20)/30). Is w - -2 - (-2 + -32) composite?
False
Suppose -7*t + 9 = -4*t, 3*t + 469 = 2*g. Is g composite?
False
Let r(y) be the first derivative of y**4/4 - 7*y**3/3 + 4*y**2 - 5*y + 5. Is r(6) composite?
False
Let l(c) = -c**3 + 5*c**2 + c. Let r(o) = -12*o - 21. Let z(i) = -3*i - 5. Let b(y) = -2*r(y) + 9*z(y). Let j be b(-2). Is l(j) composite?
True
Let t(v) = -v**3 - 7*v**2 + 8*v - 5. Is t(-13) prime?
False
Suppose 0 = 5*o - 11082 - 4933. Is o a prime number?
True
Let u(h) = h**2 - 3*h - 4. Let r be (4/(-6))/(-1)*-3. Let f be ((-1)/r)/((-3)/18). Is u(f) prime?
False
Suppose 2*v - 4*b + 7 = b, 3 = -2*v + b. Let k be -33*(-2)/6*1. Is k/2*(-2)/v prime?
True
Let q(k) = -6*k + 2. Let o be q(10). Is (o/6)/(6/(-90)) composite?
True
Is 888 - ((2 + -2 - 3) + 2) a prime number?
False
Suppose -3*h = 7 + 8, 3*t + 4*h = -335. Is (3/9)/((-1)/t) a prime number?
False
Let a = -2 + 3. Suppose 1 = f - a. Suppose f*m + 52 = 162. Is m a composite number?
True
Suppose -2*o - 3*o + 25 = 0. Suppose 5*d - 19 = -2*i, -3*i + 7*i + o*d = 63. Let t = i - -45. Is t a composite number?
False
Let x(y) = -y**2 + 8*y + 11. Let i(u) = 3*u**2 + 2*u. Let a be i(-2). Is x(a) a composite number?
False
Let s = -691 - -978. Is s prime?
False
Suppose -3*u + 157 = -5*q, -4*q = -u + 1 + 49. Let s be -6 + 2 + (20 - -5). Let m = u - s. Is m a composite number?
True
Let f be 0 - (0 + 1 + -1). Suppose f = 5*z - 421 - 349. Let j = z - 96. Is j prime?
False
Let h be -12 + 13 + 1 + 1. Suppose 4*l = -3*d + 291, -2*d + h*d + 5*l = 108. Is d a composite number?
True
Suppose 4*w = 4*f + 8, -4*f - w - 2 = -2*w. Let m(o) = -4*o + f*o + 3*o + 3. Is m(-3) a composite number?
True
Let i(y) be the second derivative of y**4/3 + 5*y**3/6 + y**2 + 4*y. Is i(5) a prime number?
True
Let m = 4775 + -2316. Is m composite?
False
Let c = -16 + 19. Is c - (-496)/(-12)*-3 composite?
False
Suppose 2*n - 4*u = -0*n + 362, -3*n = 3*u - 588. Is n a composite number?
False
Suppose z = -5*q, -4*q = -3*z - q + 18. Suppose z*g = 444 - 109. Is g a prime number?
True
Let z(r) = 2*r - 7. Let a be z(5). Let d = a + 0. Let f(v) = 13*v - 4. Is f(d) composite?
True
Suppose 5*p + 8 = -17. Let i(h) be the first derivative of -h**3/3 - 7*h**2/2 - 4*h + 3. Is i(p) composite?
True
Suppose -7*a = -2*a - 105. Is a a composite number?
True
Suppose -528 - 196 = -4*o. Let a(g) = 4*g + 24. Let s be a(-6). Suppose s = 5*i + y - 89 - 95, 4*y = -5*i + o. Is i prime?
True
Let u(k) = -1269*k**3 + 3*k**2 - 1. Is u(-1) a composite number?
True
Suppose 6*m + 478 = 3136. Is m a composite number?
False
Suppose 0 = 4*i + 4*w - 1352, 0 = -3*i + 3*w + 1327 - 331. Is i composite?
True
Let i = 129 - 50. Is i a prime number?
True
Let h(w) = 12*w**2 - 6*w - 3. Is h(-4) a composite number?
True
Let p(q) = -45*q. Let w be p(-1). Suppose -2*m + w = 3*m. Is m composite?
True
Let w(z) = 19*z**2 - 9*z + 1. Is w(9) a prime number?
True
Let h(b) = -15*b + 3. Let j(k) = 31*k - 7. Let a(c) = -5*h(c) - 2*j(c). Let i be a(6). Suppose -i = 4*u - 5*u. Is u prime?
False
Suppose 0 = -3*q + 10*q - 3171. Is q a prime number?
False
Suppose 6*v - 5*v - 14 = 0. Is (-3 + 35/2)*v composite?
True
Let g(y) = -y**2 + 19*y + 8. Is g(13) prime?
False
Suppose 4*p - 303 = 2*c - 1177, -3*c + p = -1306. Suppose 0 = -7*z + 2*z + c. Is z a prime number?
False
Suppose 0 = -4*i + f - 9, 3*f = 4 - 1. Let p be i/(-3 + 51/15). Is 2/p + 257/5 composite?
True
Let o(n) = -3*n**3 - n**2 + 6*n - 13. Is o(-11) a composite number?
False
Suppose 0*y = 2*y + 32. Let s(x) = x**2 + 11*x - 23. Is s(y) a prime number?
False
Let c = -117 + 317. Suppose -3*r - r - c = -4*a, -3*r = 0. Suppose -4*i - 5*z - 32 = -132, 4*z = -2*i + a. Is i a composite number?
True
Let f = -666 + 1001. Is f a prime number?
False
Let r = -135 + 80. Let f = r + 77. Is f a prime number?
False
Suppose 0*t = 4*t. Suppose t = -2*k - 83 + 417. Is k a prime number?
True
Let b(w) = 15*w - 40. Let u(l) = 2*l - 5. Let o(m) = 3*b(m) - 25*u(m). Is o(-16) a prime number?
False
Let y(s) = 10*s**2 + 11*s - 8. Let l be y(-6). Suppose -l = -3*j - 0*i - i, -5*j - 5*i + 480 = 0. Is j composite?
True
Suppose 7 = -5*n - 3. Let k be (974/(-4))/(n/(-4)). Let x = -252 - k. Is x composite?
True
Let g = 1198 - 657. Is g composite?
False
Suppose 3 = w + 2. Let n = 5 - w. Suppose 0 = 6*g - n*g - 142. Is g prime?
True
Suppose r - i = -2*r - 2519, -i = -5*r - 4197. Let v = r + 1308. Is v composite?
True
Let b = 6 - 10. Let o be (0 - -1)*(-7 - b). Is 0 + o + 3 + 2 prime?
True
Let t be 1*(-6)/9*-3. Let q(d) = 2*d**2 - 4 + 4*d**t - 5*d - 4*d**2. Is q(7) a prime number?
True
Let g be (8 + 7)*(-8)/(-10). Suppose -g - 333 = -5*w. Is w a composite number?
True
Suppose -10 = -5*o - 0, -2*o = -3*y + 254. Is y composite?
True
Suppose 0 = -2*k + 3*f + 547, 2*f + 1348 = 5*k + f. Is k composite?
False
Let h be -1*4*(-3)/6. Suppose -h*f + 147 = f. Is f prime?
False
Let x be 313/((-3)/(22 + -1)). Is 4/18 + x/(-63) a composite number?
True
Let t be (-7 - 2/(-1))*-1. Suppose -t*y + 186 = -y + 2*q, -3*y - 3*q = -138. Is y composite?
False
Let v = 9 - 7. Suppose 124 = v*n - 534. Is n prime?
False
Suppose -4*h + 9*h = -2*f + 24, 3*h - 14 = -f. Suppose -h*s + 274 = -466. Is s a composite number?
True
Let p(r) = 5*r - 1. Let z be p(1). Let x be (-2 - -2)/(-2 + z). Suppose -161 = -5*w - 2*j, x*j = 2*w + j - 65. Is w a prime number?
True
Suppose 3*m = -4*k - 39, 4*k - 3*m + 10 - 1 = 0. Let n(x) = 1 + 1 - 3 + 6 - 19*x. Is n(k) a prime number?
False
Let n(o) = 2*o**2 - 7*o - 5. Let z(a) = a**2 - 4*a - 3. Let v(i) = 6*n(i) - 13*z(i). Is v(8) composite?
True
Let r be (-2)/1 - (-1)/1. Let q(c) = 50*